rs of -3 - 9/(-3) - (-786)/6?
131
Let g be 2/(-4) + 5/2. Suppose -2*c = g*c - 2*z - 58, 4*c - 5*z = 67. Suppose -r - 31 = -5*m, m + 0*r - 5*r + c = 0. List the prime factors of m.
7
Suppose -3*u - 56 = 1. Let x be 57/2 - (-9)/(-18). Let l = x + u. List the prime factors of l.
3
Let x = -55 - -249. Suppose -5*f = -2*g - 85 - 111, 5*f - x = 3*g. What are the prime factors of f?
2, 5
Let o be (0/1 + -1)*3. Let i(p) = p - 6. Let r(l) = 3*l - 17. Let g(w) = o*r(w) + 8*i(w). List the prime factors of g(-4).
7
Let n be ((-1)/2)/((-2)/4). What are the prime factors of (9/(-3) - n)/(-1)?
2
Let b(p) = 5*p**2 - p + 2. Let t be b(-3). Let r = t - 28. What are the prime factors of r?
2, 11
What are the prime factors of (-204)/(-4)*(-8)/(-12)?
2, 17
Suppose 2*h - 4*h - 5*a + 40 = 0, 4*a - 42 = -2*h. What are the prime factors of h?
5
Let f = -100 - -204. List the prime factors of f.
2, 13
Let l(g) be the third derivative of 5*g**4/4 + 2*g**2. Let f be l(1). Suppose -4*d = 2*u - 22, 4*u - f = -0*u - d. List the prime factors of u.
7
Let t(l) = -3*l**2 - 13*l. Let j(b) = -7*b**2 - 27*b - 1. Let u(z) = -4*j(z) + 9*t(z). List the prime factors of u(10).
2, 7
Let j(x) = x**2 + x - 4. Let s be 3/(-3) + 4 - -1. List the prime factors of j(s).
2
Let c be 1/(-3) - (-26)/6. Suppose -5*f - 3 = 22, 3*f = c*p - 263. Suppose 3*s - 39 = 5*t, -5*s + 2*t - 16 + p = 0. List the prime factors of s.
2
Suppose -48 - 2 = -2*d. Suppose -r = -c - 12, 2*c = 2*r - c - d. What are the prime factors of r?
11
Suppose 4*t - 136 = 5*j, 5*t - 5*j = 82 + 93. List the prime factors of t.
3, 13
Suppose o = -o + 20. What are the prime factors of o?
2, 5
Let k(m) = 2*m**2 + 7*m + 2. Let p be k(-10). Suppose 2*d = -4*d + p. What are the prime factors of d?
2, 11
What are the prime factors of -1 + 0 + 4 + 39?
2, 3, 7
Let f = 34 - 18. List the prime factors of f.
2
Let v be 4 + (-1 - (-1 + 0)). Suppose v*w = -w + 15. Suppose -2*d - w*m + 35 = 0, d + 2*m - 50 = -3*d. List the prime factors of d.
2, 5
Let u = 105 - 74. Suppose 4*z = -4*p + 33 + u, -5*z + 47 = 2*p. List the prime factors of p.
11
Let n(i) = i**2 + 6*i - 4. Let s be n(-5). Let t be 2/s - (-1491)/27. Let g = t + -39. What are the prime factors of g?
2
Suppose 2*z - 220 = -a, 3*z + a - 4*a = 330. List the prime factors of z.
2, 5, 11
Suppose 2 = 4*m - d, 2*m - 2 = d - 0*d. Let b = m + 5. Suppose -b*j + 46 = -z - 4, 5*j + 3*z - 50 = 0. What are the prime factors of j?
2, 5
What are the prime factors of (-17)/1*1/(-1)?
17
Let g be 21 + 0 - (-3 - -5). Let f = g - -3. What are the prime factors of f?
2, 11
Let l be -3*(-3)/(9/20). Let f be ((-18)/(-15))/((-6)/l). What are the prime factors of (-38)/(-3) + f/6?
2, 3
Suppose -k = 2*k - 9. Let d(j) = j**2 - 2*j - 3. Let i be d(k). Suppose 3*m + 5*h + i - 33 = 0, -3*m + 33 = -h. List the prime factors of m.
11
Let g(o) = o**2 + 2*o - 3. Let s be g(-4). Let a(y) = -y. Let f be a(3). Let b = s + f. List the prime factors of b.
2
Let k = 23 - 19. What are the prime factors of (4/(-6))/(k/(-246))?
41
Suppose -2*d = -2*b + 50 - 234, -3*d + 296 = b. List the prime factors of d.
97
Let j(z) = -6*z + 24. List the prime factors of j(-18).
2, 3, 11
List the prime factors of ((-24)/14)/(16/(-280)).
2, 3, 5
Let f(l) = -29*l + 46. List the prime factors of f(-10).
2, 3, 7
Suppose 3*f = -5*j - 115, -5*f - 162 = 3*j + 19. Let a = 73 + f. Suppose -30 = -2*i - 4*o, 3*o = i + 3*i - a. What are the prime factors of i?
11
Let r(q) = q**3 - 5*q**2 - 9*q - 7. Let u be r(7). Suppose -3*t = -t - u. List the prime factors of t.
2, 7
List the prime factors of (-2)/(3 - 136/44).
2, 11
Let a = 3 + 15. What are the prime factors of a?
2, 3
What are the prime factors of 17 + -3 + (-1)/(4/(-24))?
2, 5
Let t(x) be the first derivative of -2*x**2 + x - 5. What are the prime factors of t(-5)?
3, 7
Let o = 11 + -17. Let i(v) = -3*v - 1. What are the prime factors of i(o)?
17
Let c(k) = -k + 1. Let o be c(-3). Suppose 0 = -o*f + 8 + 116. List the prime factors of f.
31
Let v be ((-8)/10)/(1/5). Let o(k) = -30 - 2*k + 30. What are the prime factors of o(v)?
2
Suppose -5 = -c + 42. What are the prime factors of c?
47
Let b(m) = -9 + 2*m - 6*m**2 - 9*m + m**3 - 2*m. List the prime factors of b(8).
47
What are the prime factors of 10/25 - 596/(-10)?
2, 3, 5
Let w = 188 + -126. What are the prime factors of w?
2, 31
Let l = 19 - -12. Let v = l + -23. What are the prime factors of v?
2
Suppose 0 = -s - 3*l + 2*l + 19, -4*l - 84 = -4*s. Let j = s - 35. Let i = j + 24. List the prime factors of i.
3
Let s = -1 - -4. Let i(p) = 2*p - s*p - p - 6. List the prime factors of i(-4).
2
Suppose 4*d - 4*z - 124 = 0, -d + 4*z = -4 - 27. List the prime factors of d.
31
Suppose 0*i = 5*i - 30. What are the prime factors of i?
2, 3
Let j(n) = n**3 + 4*n**2 - 2*n - 4. Let x be j(-3). Let r = x + -6. List the prime factors of r.
5
Let s = -1 + 3. Suppose -49 = -s*q + 7. List the prime factors of q.
2, 7
Suppose 5*z + 336 = 26. Let h = z + 100. Suppose -3*o - h = -4*v, -v - 3*o = -4*v + 30. List the prime factors of v.
2
Let a(k) = -k**2 - 11*k + 1. Let h be a(-12). Let t = h - -31. What are the prime factors of t?
2, 5
Suppose -4*t - 3 = -7*t. List the prime factors of 20 - (-1 + t + 0).
2, 5
Suppose 245 = 4*v + v. What are the prime factors of v?
7
Let s be (2 + 2 + 4)*-1. Let z be ((-6)/(-8))/((-2)/s). List the prime factors of (-2)/z*63/(-6).
7
Let n = 4 + -4. Let q = n + 2. Let t(o) = 5*o. List the prime factors of t(q).
2, 5
Suppose 0 = -4*l + b + 763, 4*b - 280 = -2*l + 88. List the prime factors of l.
2, 5, 19
Let g(i) = -i**3 - 5*i**2 - 7*i. What are the prime factors of g(-5)?
5, 7
Let k(l) = 57*l**2 + 2. List the prime factors of k(1).
59
Let i(t) = 7*t**2 - 2*t + 4. Let y be i(2). Let r = y - 0. List the prime factors of r.
2, 7
Suppose -2*k - 6 + 44 = 0. What are the prime factors of k?
19
Let k = 60 + -40. What are the prime factors of k?
2, 5
Let x(n) = -n**3 + 6*n**2 + 3*n - 3. Let f be x(6). Suppose 0 = 3*l + 16 + 11. Let t = l + f. What are the prime factors of t?
2, 3
What are the prime factors of 8 - (-8)/(-2) - -45?
7
Let j = -19 - -19. Suppose -41 = -h - j*h. What are the prime factors of h?
41
List the prime factors of (132/(-10))/(13/(1820/(-21))).
2, 11
Let v be 2/3 - 52/(-3). Let z = v - 10. Let s = -1 + z. What are the prime factors of s?
7
Let x(h) = -h**3 - 10*h**2 - 3*h + 9. List the prime factors of x(-10).
3, 13
Suppose v = -0*d + 4*d + 34, 9 = -3*d. Suppose 0 = 2*k - 42 - v. What are the prime factors of k?
2
What are the prime factors of 12 + 1 - (-42)/(-14)?
2, 5
Let n = 10 - 5. Let s(u) = -u**3 + 4*u**2 + 5*u - 6. Let k be s(n). List the prime factors of 2/k + 10/3.
3
Suppose 2*g + 3 - 15 = -4*d, -4*d = 3*g - 16. Suppose 3*c + g*y - 58 = 0, 3*c - 4*y + y - 51 = 0. Let q = c - 12. What are the prime factors of q?
2, 3
Let o(s) = s - 1. Let h(l) = -2 - 2*l + 14*l - 8*l. Let w(r) = -h(r) + o(r). List the prime factors of w(-2).
7
Let a = -26 + 45. List the prime factors of a.
19
Let s be 2/3 - (-44)/6. Let z be s/3 - 6/9. Suppose 0*w + 38 = z*w. List the prime factors of w.
19
Suppose 3*r = 2*f, -r + 9 = 2*f + 1. Suppose -j + 2 + f = 0. Suppose 2*i - 4*i + 55 = j*x, -3*x = 3*i - 60. List the prime factors of i.
3, 5
Suppose 0 = -21*g + 22*g - 134. List the prime factors of g.
2, 67
Let h(m) be the first derivative of m**3/3 - 3*m**2/2 - 3*m - 4. List the prime factors of h(8).
37
Let j(p) = -2*p - 2. Let i be j(-3). Suppose 5*t - 14 + i = 0. List the prime factors of t.
2
List the prime factors of 84/10 - 28/70.
2
Let y be (0 + 1)/(2/(-22)). Suppose 4*b - 51 = -2*z - b, -b = -3*z + 51. Let v = y + z. List the prime factors of v.
7
Let c be ((-12)/10)/(10/(-25)). List the prime factors of 106/c - (-16)/24.
2, 3
Let v be 2 - ((-3 - -2) + -92). Let k be 1302/(-63)*(-3)/2. Suppose -5*l + v = 5*u, l = u + 5*l - k. What are the prime factors of u?
3, 5
Let r = -464 + 729. What are the prime factors of r?
5, 53
Let o = 17 - 1. Let r be (21/(-2))/((-6)/4). Let z = o - r. What are the prime factors of z?
3
Let b(r) = 6*r - 7. Let j(o) = -5*o + 7. Let h(w) = 4*b(w) + 5*j(w). Let v be h(6). Let s = v - -2. What are the prime factors of s?
3
Suppose -b - b = -92. Let s = -9 + b. List the prime factors of s.
37
Suppose 2*y + 2